30 = q + 5*r. Let z(c) = 2*c - 4. What is z(q)?
6
Let v(z) = -z - 1. Let w(l) = -l**2 + 2*l + 2. Suppose 0 = m - 3*m + r + 8, -3*m - 3*r - 6 = 0. Let g(y) = m*w(y) + 5*v(y). Let h = 2 - 4. Give g(h).
-7
Suppose 2*b + b + 12 = 0. Let t(u) = -2*u**2 - 4 + 3*u - 2*u**2 - u**2 + 6*u**2. Calculate t(b).
0
Let t(o) be the first derivative of o**4/4 + 5*o**3/3 + 3*o**2/2 - 2*o - 12. Suppose 0 = 3*x + x - 12. Let s be -2*(18/4)/x. What is t(s)?
7
Suppose 0 = -2*v - 0*w - w - 1, -24 = -2*v + 4*w. Suppose -v*n + n = -9. Suppose 2*b = -b - 3, -2*i - n = 3*b. Let f(a) = -2*a**2 - 3*a - 1. Give f(i).
-10
Let r = -3 + 1. Let c = r - -4. Let i(n) = 3*n**2 + 2*n + n + n**c - 5*n**2. Give i(4).
-4
Let o(n) = -6*n**3 + n - 1 + 0 - 2*n. Let k = 34 + -35. Calculate o(k).
6
Let b(u) = -7*u**3 + 37*u**2 - 32*u**2 + 6*u + 8*u**3. Let q = 9 + -13. Give b(q).
-8
Let b(t) = 2*t**3 + 5*t**2 - 17*t - 1. Let y(n) = n**3 + 2*n**2 - 8*n. Let c(l) = 3*b(l) - 7*y(l). Give c(3).
-6
Let s(w) = 8*w**3 - w. Suppose -2*g = -1 - 5. Let d be 2*2*g/(-12). Give s(d).
-7
Suppose 6 = 2*n + 2. Suppose 8 = 2*w - n. Let p(b) = 77*b + 78*b - 152*b - 7. Give p(w).
8
Let n = -8 + 10. Suppose 10 + n = 2*v. Let s(g) = -10 - 2*g**2 + v*g + g**2 + 6. What is s(4)?
4
Let u(q) = 4*q**2 + 4*q + 1. Let s(f) = f. Let g(w) = -4*s(w) + u(w). What is g(-1)?
5
Let z(s) = s**3 + 6*s**2 - 7*s + 5. Let f be -3*35/(-15)*-1. What is z(f)?
5
Let u(x) = -x**3 + 11*x**2 - 18*x - 5. Let h be u(9). Let l(n) = -n + 1. What is l(h)?
6
Let k(v) = -v**3 - v**2 + 5. Let f be k(0). Let o(w) be the first derivative of w**4/4 - 5*w**3/3 - 4*w + 2. Give o(f).
-4
Let w = -45 + 64. Suppose 2*x + 4*b + 5 - w = 0, 0 = -3*x + 5*b - 34. Let r(f) be the third derivative of -f**5/60 + f**4/24 + f**3/2 + 6*f**2. Give r(x).
-9
Let b(i) = -4*i. Suppose -2*a = 0, v + 3*a - 10 = 6*v. What is b(v)?
8
Let d(u) = -u**2. Let g(r) = -r**3 - 3*r**2 + 3*r - 4. Let n(j) = -2*d(j) + g(j). Give n(-3).
5
Let r(y) = y + 2. Let x be r(-4). Let z(h) = -23*h + 3 + 22*h - 6. Calculate z(x).
-1
Suppose -53 + 26 = 3*x. Let v(u) = u**2 + 10*u + 4. Determine v(x).
-5
Let q(i) = -3*i - 10. Let a be q(-4). Let g(n) be the first derivative of 7*n - 3 - 1/4*n**4 - 5/3*n**3 + 0*n**a. Calculate g(-5).
7
Let j(w) be the second derivative of w**4/12 + 5*w**3/6 - 5*w**2/2 - w. Let n = -4 - -6. Let y = -3 - n. Determine j(y).
-5
Let c(h) = -h**3 - 7*h**2 - 5. Suppose 42 = -5*l - l. Determine c(l).
-5
Suppose 4 = 11*v - 10*v. Let q(h) = h + 1 + 2 - 6. Determine q(v).
1
Let r(q) = q**3 + 5*q**2 - 1. Suppose m - 30 + 15 = 0. Let x = -20 + m. Calculate r(x).
-1
Let c(d) be the third derivative of 0 + 2/3*d**3 + 0*d + 1/60*d**5 + 5/24*d**4 - d**2. Suppose -3*t - 5*n + 6 - 3 = 0, t = 3*n - 13. Calculate c(t).
0
Let h be 2/(-1*(-6 - -2)). Let c(o) be the second derivative of 0*o**2 + 1/12*o**4 + 0 + h*o**3 + 2*o. Give c(-3).
0
Suppose -6 = 3*w - 6*w. Let y(r) = 0*r**2 - 7*r + 4 + 10*r + 4*r**2 - 5*r**w. Calculate y(4).
0
Let o(f) = f**3 + 2*f**2 + 3*f + 3. Let k be -1 + 0 + 2 - (-6)/(-2). What is o(k)?
-3
Let n = 94 - 67. Suppose 2*w = -0*w + t + 1, 4*w + 3*t - n = 0. Let f(y) = -5*y + 3 - y**w + 2*y**3 + 2*y**2 + 0*y**3. Determine f(-4).
-9
Let w(b) = -3*b. Let t be w(-1). Let c(i) = -t*i - i + i. Give c(-3).
9
Let l(q) = q**3 - 8*q**2 - 7*q - 19. Let d be l(9). Let b(u) = 11*u**3 + 2*u**2 + 2*u + 1. Give b(d).
-10
Let z(n) = -9*n. Let o(b) = 9*b. Let s(q) = 2*o(q) + 3*z(q). Determine s(1).
-9
Let d(u) = 3*u - 1. Suppose 0 = 5*b + 3*i - 5, 0 = 4*b + i - 4. Give d(b).
2
Let x(u) = -u**2 - 8*u - 6. Let o be x(-6). Let y(w) = 4*w + 3. Let z(a) = -9 + 2 - 9*a + 1. Let c(l) = o*z(l) + 13*y(l). Give c(2).
-1
Let n(s) be the first derivative of -2*s**2 - 2*s + 2. What is n(-2)?
6
Let o = 12 - 18. Let n(x) = 2*x + 1. Determine n(o).
-11
Let b(z) be the first derivative of z**5/60 + 2*z**3/3 + 1. Let h(k) be the third derivative of b(k). Determine h(-3).
-6
Let o(i) = -i - 2. Suppose -7 - 25 = -2*s. Suppose p - 2*p + 5*c = 26, 0 = p - 3*c + s. Let l be p + 14/2 + -2. Determine o(l).
-6
Let o(z) = z**3 - 5*z**2 + z - 3. Let g be o(5). Let a(w) = 2*w - 3*w**g + 3 - w**2 - w**3 - 2*w. Calculate a(-3).
-6
Let c(p) = -2*p**3 - 5 - 4*p - 32*p**2 + 3*p**3 + 27*p**2. Let u be c(6). Let d(k) = k**3 - 7*k**2. What is d(u)?
0
Let d(x) = -x**3 - 5*x**2 + 7. Let i(c) = c**2 + 6*c + 1. Let g be i(-6). Let m be 2 + (-2 + g)*7. Give d(m).
7
Let l(r) = 2*r + 1. Let i(m) = -3 + 2*m - m - 5*m. Let t(x) = 4*i(x) + 7*l(x). What is t(-4)?
3
Let s(b) be the second derivative of -b**5/10 - b**4/6 - b**2/2 + 3*b. Determine s(-2).
7
Let p(m) = m**2 - 6*m + 5. Suppose 0*r + 5*r = 0. Let n(w) = -w**3 + w**2 - w + 13. Let t be n(r). Let f = -8 + t. Calculate p(f).
0
Let x(p) = -p**2 - 6*p + 5. Let m = 11 - 16. Let k = m - 2. Calculate x(k).
-2
Let w(x) be the second derivative of 0 + 3/2*x**2 - 1/3*x**3 - x. What is w(-3)?
9
Let v be 2/(-4) + 18/4. Suppose 0*x + v = -x. Let h(g) = -g**2 - 2*g + 4. Determine h(x).
-4
Let d = -7 + 10. Let w(y) = -y - 5*y + 5*y - d. Give w(3).
-6
Let o(d) = -d**3 - 3*d**2 + 4*d + 3. Let s be (-2)/5 - (-24)/10. Let l = s - 6. What is o(l)?
3
Let v(s) = s**2. Let k(g) = -5*g**2 + 6*g + 5. Let y(q) = k(q) + 4*v(q). Suppose 0 = 5*c - 0*c - 5. Let n be -1 + 2 - (-5)/c. Determine y(n).
5
Let i(g) = -1 + 6*g**3 + 0 + g**3. Let x(k) = -3*k**2 + 8*k + 17. Let d be x(4). Give i(d).
6
Let q(g) = 7*g**3 + 2*g**2 - 4*g - 9. Let n(c) = -20*c**3 - 5*c**2 + 11*c + 26. Let p(k) = 6*n(k) + 17*q(k). Let f be 6/2 + 0/(-1). What is p(f)?
6
Suppose -4*q + 22 = 2*k, -2*q + 6*q - 10 = 2*k. Let n(b) = -b**2 + 6*b - 1. Give n(q).
7
Let o(s) = -s + 4. Let x(a) = 1. Let u(w) = -o(w) + 4*x(w). Give u(5).
5
Let h(d) = -5 - 1 - 1 + 4 + d. Let j(v) = -8*v**3 + 2*v**2 + v. Let r be j(-1). Suppose 0 = 5*w - 2*w - r. Determine h(w).
0
Let c(r) = 7*r**2 + 10*r + 4. Let v(f) = 8*f**2 + 11*f + 5. Let o(w) = 7*c(w) - 6*v(w). Let k be o(-4). Let s(b) = b**3 - b + 1. Determine s(k).
-5
Suppose 5*i + 26 = 1. Let y(t) = t**3 - 9*t**2 - 12*t + 5. Let a be y(10). Let l be (-27)/a - 1/i. Let v(b) = -b + 1. Determine v(l).
-1
Let c(n) be the second derivative of -n**4/6 + 2*n**3/3 - n**2 - 9*n. What is c(3)?
-8
Let s(i) be the second derivative of i**5/20 + 5*i**4/12 - 7*i**3/6 - 5*i**2/2 - 20*i. What is s(-6)?
1
Let s(i) = i - 1. Let l(d) = -d. Let p(g) = 2*l(g) + 4*s(g). Give p(4).
4
Let x be 2 - -2 - (-3 - -2). Let a(v) = v - 9. Let z(t) = -2*t + 18. Let w(n) = -5*a(n) - 3*z(n). Give w(x).
-4
Let r(v) = -3 - 1 - 8*v - 3 - 4*v**2 + 3*v**2. Suppose -f + 5*f - 14 = 2*l, 0 = -5*f + 5. Give r(l).
8
Let j(u) = -1 - 2*u**2 - 2 + 12*u**2 + 10*u. Let b(i) = -3*i**2 - 3*i + 1. Let f(w) = 7*b(w) + 2*j(w). Let n(t) = t**2 - 4*t - 3. Let a be n(4). Calculate f(a).
-5
Let f = 6 + -3. Let d(u) = f*u - 4 + 4 - 3. Let b(i) = -i**3 + 5*i**2 + 7*i - 2. Let v be b(6). Determine d(v).
9
Let d(l) = l + 3. Let m(v) = v. Let k be m(3). Let w be 10/(-6) + (-1)/k. Let z = 1 - w. Determine d(z).
6
Let r = 35 + -25. Suppose -4*n + r = -3*z - 17, -3*z = -5*n + 30. Suppose 4*h + 3 = 5*d, -3*h - 5 = 2*d + n. Let x(w) = 5*w + 1. Give x(h).
-9
Let y be (-2)/(-3) - (-14)/6. Suppose 0*t = 4*r + 3*t + 3, 0 = y*r + 2*t + 3. Let o(z) = -z + 1. Let h(q) = q - 5. Let v(n) = r*o(n) - h(n). Calculate v(-5).
-8
Let z = 1 - 0. Suppose 3*n + 14 = l, -l - 3*n = l - 1. Let c(v) = 2 - l*v + 2*v + 0*v - z. Determine c(-1).
4
Let b(r) = -2*r - 2*r**3 - 2 + 3*r**2 + r**3 - 4*r**2. Suppose -4*q + 5*p = -q + 16, -5*p + 10 = 0. Give b(q).
6
Suppose 23 = 5*j + 3*r + 8, -2*r + 10 = -j. Let t(c) be the first derivative of 2 - 4*c + 0*c + c**2 + j*c. Calculate t(5).
6
Let d(l) = 8*l - l + 4 - 6. Let c(q) = -q**3 + 27*q**2 - 25*q - 28. Let r be c(26). What is d(r)?
-16
Let p(k) = 2*k**2 + 10*k - 4. Let s(g) = 3*g**2 + 19*g - 7. Let i(n) = 5*p(n) - 3*s(n). Let x(v) = 5*v**2 - 2*v - 1. Let r be x(-1). Calculate i(r).
-5
Let y be 2*5/(-10)*(-3)/(-3). Let r(n) = 3*n**3 - n - 1. Determine r(y).
-3
Let w(u) = 8*u**2 + 1. Let y be (-7)/9 - (-1)/9*-2. Give w(y).
9
Suppose 4*h + 2*o = 10, -3 = -5*h - 4*o + 11. Let z(r) = -5 - r**2 + r - h*r + 0*r**2. What is z(0)?
-5
Let v be -1 - (-5)/(20/(-24)). Let r(g) be the second derivative of -g**3/6 - 3*g**2 + g. Determine r(v).
1
Let t = 5 